{"id":3066,"date":"2022-04-11T17:59:48","date_gmt":"2022-04-11T17:59:48","guid":{"rendered":"https:\/\/www.glittrigating.se\/?page_id=3066"},"modified":"2022-04-11T18:08:25","modified_gmt":"2022-04-11T18:08:25","slug":"elementor-3066","status":"publish","type":"page","link":"https:\/\/www.glittrigating.se\/index.php\/elementor-3066\/","title":{"rendered":"Leverans"},"content":{"rendered":"\t\t<div data-elementor-type=\"wp-page\" data-elementor-id=\"3066\" class=\"elementor elementor-3066\" data-elementor-post-type=\"page\">\n\t\t\t\t\t\t<section class=\"elementor-section elementor-top-section elementor-element elementor-element-86a4413 elementor-section-boxed elementor-section-height-default elementor-section-height-default\" data-id=\"86a4413\" data-element_type=\"section\">\n\t\t\t\t\t\t<div class=\"elementor-container elementor-column-gap-default\">\n\t\t\t\t\t<div class=\"elementor-column elementor-col-100 elementor-top-column elementor-element elementor-element-994e432\" data-id=\"994e432\" data-element_type=\"column\">\n\t\t\t<div class=\"elementor-widget-wrap elementor-element-populated\">\n\t\t\t\t\t\t<div class=\"elementor-element elementor-element-a46ab77 elementor-widget elementor-widget-heading\" data-id=\"a46ab77\" data-element_type=\"widget\" data-widget_type=\"heading.default\">\n\t\t\t\t<div class=\"elementor-widget-container\">\n\t\t\t\t\t<h2 class=\"elementor-heading-title elementor-size-default\">Leverans &amp; Returer<\/h2>\t\t\t\t<\/div>\n\t\t\t\t<\/div>\n\t\t\t\t<div class=\"elementor-element elementor-element-5ae7c7e elementor-hidden-tablet elementor-hidden-mobile elementor-widget elementor-widget-text-editor\" data-id=\"5ae7c7e\" data-element_type=\"widget\" data-widget_type=\"text-editor.default\">\n\t\t\t\t<div class=\"elementor-widget-container\">\n\t\t\t\t\t\t\t\t\t<p><span style=\"font-size: 16px; font-style: inherit; font-weight: inherit; color: var( --e-global-color-text ); font-family: var( --e-global-typography-text-font-family ), Sans-serif;\">Leveranser \u00e4r generellt packade och skickade inom 2 dagar efter ordern \u00e4r betald.<\/span><\/p><p>Leverans sker via det leveranss\u00e4tt som valts. V\u00e4ljs sp\u00e5rbar frakt, f\u00e5r man en l\u00e4nk f\u00f6r sp\u00e5rning online via mail.<\/p><p>I leveranskostnaden ing\u00e5r \u00e4ven kostnader f\u00f6r hantering &amp; packning.<\/p><p>Leveranskostnad utg\u00e5r per order.<\/p><p>\u00a0<\/p><p>Leveranser utf\u00f6rs i samarbete med\u00a0 \u00a0 <img decoding=\"async\" data-recalc-dims=\"1\" class=\"alignnone size-full wp-image-3069 lazyload\" data-src=\"https:\/\/i0.wp.com\/www.glittrigating.se\/wp-content\/uploads\/2022\/04\/logo-DHL-1.png?resize=180%2C41&#038;ssl=1\" alt=\"\" width=\"180\" height=\"41\" data-srcset=\"https:\/\/i0.wp.com\/www.glittrigating.se\/wp-content\/uploads\/2022\/04\/logo-DHL-1.png?w=180&amp;ssl=1 180w, https:\/\/i0.wp.com\/www.glittrigating.se\/wp-content\/uploads\/2022\/04\/logo-DHL-1.png?resize=150%2C34&amp;ssl=1 150w\" data-sizes=\"(max-width: 180px) 100vw, 180px\" src=\"data:image\/svg+xml;base64,PHN2ZyB3aWR0aD0iMSIgaGVpZ2h0PSIxIiB4bWxucz0iaHR0cDovL3d3dy53My5vcmcvMjAwMC9zdmciPjwvc3ZnPg==\" style=\"--smush-placeholder-width: 180px; --smush-placeholder-aspect-ratio: 180\/41;\" \/><\/p>\t\t\t\t\t\t\t\t<\/div>\n\t\t\t\t<\/div>\n\t\t\t\t<div class=\"elementor-element elementor-element-e97d905 elementor-hidden-desktop elementor-hidden-mobile elementor-widget elementor-widget-text-editor\" data-id=\"e97d905\" data-element_type=\"widget\" data-widget_type=\"text-editor.default\">\n\t\t\t\t<div class=\"elementor-widget-container\">\n\t\t\t\t\t\t\t\t\t<p><span style=\"font-size: 16px; font-style: inherit; font-weight: inherit; color: var( --e-global-color-text ); font-family: var( --e-global-typography-text-font-family ), Sans-serif;\">Leveranser \u00e4r generellt packade och skickade inom 2 dagar efter ordern \u00e4r betald.<\/span><\/p><p>Leverans sker via det leveranss\u00e4tt som valts.<\/p><p>V\u00e4ljs sp\u00e5rbar frakt, f\u00e5r man en l\u00e4nk f\u00f6r sp\u00e5rning online via mail.<\/p><p>I leveranskostnaden ing\u00e5r \u00e4ven kostnader f\u00f6r hantering &amp; packning.<\/p><p>Leveranskostnad utg\u00e5r per order.<\/p><p>\u00a0<\/p><p>Leveranser utf\u00f6rs i samarbete med\u00a0 \u00a0 <img decoding=\"async\" data-recalc-dims=\"1\" class=\"alignnone size-full wp-image-3069 lazyload\" data-src=\"https:\/\/i0.wp.com\/www.glittrigating.se\/wp-content\/uploads\/2022\/04\/logo-DHL-1.png?resize=180%2C41&#038;ssl=1\" alt=\"\" width=\"180\" height=\"41\" data-srcset=\"https:\/\/i0.wp.com\/www.glittrigating.se\/wp-content\/uploads\/2022\/04\/logo-DHL-1.png?w=180&amp;ssl=1 180w, https:\/\/i0.wp.com\/www.glittrigating.se\/wp-content\/uploads\/2022\/04\/logo-DHL-1.png?resize=150%2C34&amp;ssl=1 150w\" data-sizes=\"(max-width: 180px) 100vw, 180px\" src=\"data:image\/svg+xml;base64,PHN2ZyB3aWR0aD0iMSIgaGVpZ2h0PSIxIiB4bWxucz0iaHR0cDovL3d3dy53My5vcmcvMjAwMC9zdmciPjwvc3ZnPg==\" style=\"--smush-placeholder-width: 180px; --smush-placeholder-aspect-ratio: 180\/41;\" \/><\/p>\t\t\t\t\t\t\t\t<\/div>\n\t\t\t\t<\/div>\n\t\t\t\t<div class=\"elementor-element elementor-element-b5b3cc3 elementor-hidden-desktop elementor-hidden-tablet elementor-widget elementor-widget-text-editor\" data-id=\"b5b3cc3\" data-element_type=\"widget\" data-widget_type=\"text-editor.default\">\n\t\t\t\t<div class=\"elementor-widget-container\">\n\t\t\t\t\t\t\t\t\t<p><span style=\"font-size: 16px; font-style: inherit; font-weight: inherit; color: var( --e-global-color-text ); font-family: var( --e-global-typography-text-font-family ), Sans-serif;\">Leveranser \u00e4r generellt packade och <\/span><\/p><p><span style=\"font-size: 16px; font-style: inherit; font-weight: inherit; color: var( --e-global-color-text ); font-family: var( --e-global-typography-text-font-family ), Sans-serif;\">skickade inom 2 dagar efter <\/span><\/p><p><span style=\"font-size: 16px; font-style: inherit; font-weight: inherit; color: var( --e-global-color-text ); font-family: var( --e-global-typography-text-font-family ), Sans-serif;\">ordern \u00e4r betald.<\/span><\/p><p>Leverans sker via det leveranss\u00e4tt<\/p><p>som valts. V\u00e4ljs sp\u00e5rbar <span style=\"font-size: 16px;\">frakt,<\/span><\/p><p>f\u00e5r man en l\u00e4nk f\u00f6r sp\u00e5rning<\/p><p>online via mail.<\/p><p>I leveranskostnaden ing\u00e5r<\/p><p>\u00e4ven kostnader f\u00f6r hantering<\/p><p>&amp; packning.<\/p><p>Leveranskostnad utg\u00e5r per order.<\/p><p>\u00a0<\/p><p>Leveranser utf\u00f6rs i samarbete med\u00a0 \u00a0<\/p><p><img decoding=\"async\" data-recalc-dims=\"1\" class=\"alignnone size-full wp-image-3069 lazyload\" data-src=\"https:\/\/i0.wp.com\/www.glittrigating.se\/wp-content\/uploads\/2022\/04\/logo-DHL-1.png?resize=180%2C41&#038;ssl=1\" alt=\"\" width=\"180\" height=\"41\" data-srcset=\"https:\/\/i0.wp.com\/www.glittrigating.se\/wp-content\/uploads\/2022\/04\/logo-DHL-1.png?w=180&amp;ssl=1 180w, https:\/\/i0.wp.com\/www.glittrigating.se\/wp-content\/uploads\/2022\/04\/logo-DHL-1.png?resize=150%2C34&amp;ssl=1 150w\" data-sizes=\"(max-width: 180px) 100vw, 180px\" src=\"data:image\/svg+xml;base64,PHN2ZyB3aWR0aD0iMSIgaGVpZ2h0PSIxIiB4bWxucz0iaHR0cDovL3d3dy53My5vcmcvMjAwMC9zdmciPjwvc3ZnPg==\" style=\"--smush-placeholder-width: 180px; --smush-placeholder-aspect-ratio: 180\/41;\" \/><\/p>\t\t\t\t\t\t\t\t<\/div>\n\t\t\t\t<\/div>\n\t\t\t\t\t<\/div>\n\t\t<\/div>\n\t\t\t\t\t<\/div>\n\t\t<\/section>\n\t\t\t\t<\/div>\n\t\t","protected":false},"excerpt":{"rendered":"<p>Leverans &amp; Returer Leveranser \u00e4r generellt packade och skickade inom 2 dagar efter ordern \u00e4r betald. Leverans sker via det leveranss\u00e4tt som valts. V\u00e4ljs sp\u00e5rbar frakt, f\u00e5r man en l\u00e4nk f\u00f6r sp\u00e5rning online via mail. I leveranskostnaden ing\u00e5r \u00e4ven kostnader f\u00f6r hantering &amp; packning. Leveranskostnad utg\u00e5r per order. Leveranser utf\u00f6rs i samarbete med&nbsp; &nbsp; Leveranser [&hellip;]<\/p>\n","protected":false},"author":1,"featured_media":0,"parent":0,"menu_order":0,"comment_status":"closed","ping_status":"closed","template":"","meta":{"site-sidebar-layout":"no-sidebar","site-content-layout":"page-builder","ast-site-content-layout":"default","site-content-style":"default","site-sidebar-style":"default","ast-global-header-display":"","ast-banner-title-visibility":"","ast-main-header-display":"","ast-hfb-above-header-display":"","ast-hfb-below-header-display":"","ast-hfb-mobile-header-display":"","site-post-title":"disabled","ast-breadcrumbs-content":"","ast-featured-img":"disabled","footer-sml-layout":"","theme-transparent-header-meta":"","adv-header-id-meta":"","stick-header-meta":"","header-above-stick-meta":"","header-main-stick-meta":"","header-below-stick-meta":"","astra-migrate-meta-layouts":"default","ast-page-background-enabled":"default","ast-page-background-meta":{"desktop":{"background-color":"var(--ast-global-color-4)","background-image":"","background-repeat":"repeat","background-position":"center center","background-size":"auto","background-attachment":"scroll","background-type":"","background-media":"","overlay-type":"","overlay-color":"","overlay-opacity":"","overlay-gradient":""},"tablet":{"background-color":"","background-image":"","background-repeat":"repeat","background-position":"center center","background-size":"auto","background-attachment":"scroll","background-type":"","background-media":"","overlay-type":"","overlay-color":"","overlay-opacity":"","overlay-gradient":""},"mobile":{"background-color":"","background-image":"","background-repeat":"repeat","background-position":"center center","background-size":"auto","background-attachment":"scroll","background-type":"","background-media":"","overlay-type":"","overlay-color":"","overlay-opacity":"","overlay-gradient":""}},"ast-content-background-meta":{"desktop":{"background-color":"var(--ast-global-color-5)","background-image":"","background-repeat":"repeat","background-position":"center center","background-size":"auto","background-attachment":"scroll","background-type":"","background-media":"","overlay-type":"","overlay-color":"","overlay-opacity":"","overlay-gradient":""},"tablet":{"background-color":"var(--ast-global-color-5)","background-image":"","background-repeat":"repeat","background-position":"center center","background-size":"auto","background-attachment":"scroll","background-type":"","background-media":"","overlay-type":"","overlay-color":"","overlay-opacity":"","overlay-gradient":""},"mobile":{"background-color":"var(--ast-global-color-5)","background-image":"","background-repeat":"repeat","background-position":"center center","background-size":"auto","background-attachment":"scroll","background-type":"","background-media":"","overlay-type":"","overlay-color":"","overlay-opacity":"","overlay-gradient":""}},"footnotes":""},"class_list":["post-3066","page","type-page","status-publish","hentry"],"jetpack_sharing_enabled":true,"_links":{"self":[{"href":"https:\/\/www.glittrigating.se\/index.php\/wp-json\/wp\/v2\/pages\/3066","targetHints":{"allow":["GET"]}}],"collection":[{"href":"https:\/\/www.glittrigating.se\/index.php\/wp-json\/wp\/v2\/pages"}],"about":[{"href":"https:\/\/www.glittrigating.se\/index.php\/wp-json\/wp\/v2\/types\/page"}],"author":[{"embeddable":true,"href":"https:\/\/www.glittrigating.se\/index.php\/wp-json\/wp\/v2\/users\/1"}],"replies":[{"embeddable":true,"href":"https:\/\/www.glittrigating.se\/index.php\/wp-json\/wp\/v2\/comments?post=3066"}],"version-history":[{"count":5,"href":"https:\/\/www.glittrigating.se\/index.php\/wp-json\/wp\/v2\/pages\/3066\/revisions"}],"predecessor-version":[{"id":3073,"href":"https:\/\/www.glittrigating.se\/index.php\/wp-json\/wp\/v2\/pages\/3066\/revisions\/3073"}],"wp:attachment":[{"href":"https:\/\/www.glittrigating.se\/index.php\/wp-json\/wp\/v2\/media?parent=3066"}],"curies":[{"name":"wp","href":"https:\/\/api.w.org\/{rel}","templated":true}]}}