{"id":1331,"date":"2020-02-13T15:30:26","date_gmt":"2020-02-13T15:30:26","guid":{"rendered":"https:\/\/www.glittrigating.se\/index.php\/product\/orrefors-carat-ljusstake-2-pack-101\/"},"modified":"2025-12-11T13:52:48","modified_gmt":"2025-12-11T13:52:48","slug":"orrefors-carat-ljusstake-2-pack-101","status":"publish","type":"product","link":"https:\/\/www.glittrigating.se\/index.php\/product\/orrefors-carat-ljusstake-2-pack-101\/","title":{"rendered":"Orrefors Metropol Coupe"},"content":{"rendered":"","protected":false},"excerpt":{"rendered":"<div class=\"col-sm-12 col-md-8\">\n<div class=\"col-sm-12 col-md-8\">\n<div class=\"col-sm-12 col-md-8\">\n<div class=\"col-sm-12 col-md-8\">\n<div class=\"series__content\">\n<div class=\"collection-intro\">\n<div class=\"row\">\n<div class=\"span9\">\n<div class=\"page\" title=\"Page 53\">\n<div class=\"section\">\n<div class=\"layoutArea\">\n<div class=\"column\">\n<h4 class=\"product__title\">Metropol Coupe<\/h4>\n<p>Handdiskas!<\/p>\n<\/div>\n<\/div>\n<\/div>\n<\/div>\n<\/div>\n<\/div>\n<\/div>\n<\/div>\n<\/div>\n<\/div>\n<\/div>\n<\/div>\n<div class=\"col-sm-12 col-md-6\">\n<p>&nbsp;<\/p>\n<\/div>\n<h5 style=\"font-style: inherit; font-weight: inherit;\">Handmade in Sweden<\/h5>\n<p style=\"font-style: inherit; font-weight: inherit;\">\u2013 En serie av Erika Lagerbielke<\/p>\n<p style=\"font-style: inherit; font-weight: inherit;\">Lev livet h\u00e4r och nu! Mingel, puls, v\u00e4nner och glada fester \u00e4r h\u00e4rligt, men de alldeles vanliga dagarna \u00e4r l\u00e5ngt fler \u2013 s\u00e5 g\u00f6r varje dag lite vackrare. Metropol \u00e4r en modern serie kristallglas, med en droppe svart f\u00e4rg f\u00e5ngad i det klara glaset. Sj\u00e4lvs\u00e4ker elegans och vass form g\u00f6r Metropol till en framtida designklassiker. Munbl\u00e5st i Sm\u00e5land.<\/p>\n<p style=\"font-style: inherit; font-weight: inherit;\">Erika Lagerbielke \u00e4r Orrefors servisglasdrottning. Ingen annan har formgivit s\u00e5 m\u00e5nga och framg\u00e5ngsrika glasserviser f\u00f6r Orrefors. Bland succ\u00e9erna finns Intermezzo, Merlot och Difference, som alla har f\u00e5tt fina utm\u00e4rkelser f\u00f6r sin formgivning.Nyckeln till framg\u00e5ng \u00e4r f\u00f6rmodligen Erikas stora k\u00e4rlek till hantverket och hennes kunskap om dryckers olika egenskaper. Vid framtagningen av nya serviser samarbetar Erika med ledande vinexperter. Bland hennes senare alster finner vi servisglasserien More samt serien Beer. Hennes serie Divine \u00e4r en hyllning till det kungliga br\u00f6llopet 2010 dit Erika formgav riksdagens och regeringens g\u00e5va till kronprinsessparet Victoria och Daniel.<\/p>\n<p style=\"font-weight: 400;\">Handdiskas!<\/p>\n<p><b>H\u00f6jd: <\/b><br \/>\n163 mm<br \/>\n<b>L\u00e4ngd: <\/b><br \/>\n0 mm<br \/>\n<b>Bredd: <\/b><br \/>\n100 mm<br \/>\n<b>Vikt: <\/b><br \/>\n0.280 kg<\/p>\n","protected":false},"featured_media":5612,"template":"","meta":{"site-sidebar-layout":"default","site-content-layout":"default","ast-site-content-layout":"default","site-content-style":"default","site-sidebar-style":"default","ast-global-header-display":"","ast-banner-title-visibility":"","ast-main-header-display":"","ast-hfb-above-header-display":"","ast-hfb-below-header-display":"","ast-hfb-mobile-header-display":"","site-post-title":"","ast-breadcrumbs-content":"","ast-featured-img":"","footer-sml-layout":"","theme-transparent-header-meta":"default","adv-header-id-meta":"","stick-header-meta":"","header-above-stick-meta":"","header-main-stick-meta":"","header-below-stick-meta":"","astra-migrate-meta-layouts":"set","ast-page-background-enabled":"default","ast-page-background-meta":{"desktop":{"background-color":"var(--ast-global-color-4)","background-image":"","background-repeat":"repeat","background-position":"center center","background-size":"auto","background-attachment":"scroll","background-type":"","background-media":"","overlay-type":"","overlay-color":"","overlay-opacity":"","overlay-gradient":""},"tablet":{"background-color":"","background-image":"","background-repeat":"repeat","background-position":"center center","background-size":"auto","background-attachment":"scroll","background-type":"","background-media":"","overlay-type":"","overlay-color":"","overlay-opacity":"","overlay-gradient":""},"mobile":{"background-color":"","background-image":"","background-repeat":"repeat","background-position":"center center","background-size":"auto","background-attachment":"scroll","background-type":"","background-media":"","overlay-type":"","overlay-color":"","overlay-opacity":"","overlay-gradient":""}},"ast-content-background-meta":{"desktop":{"background-color":"var(--ast-global-color-5)","background-image":"","background-repeat":"repeat","background-position":"center center","background-size":"auto","background-attachment":"scroll","background-type":"","background-media":"","overlay-type":"","overlay-color":"","overlay-opacity":"","overlay-gradient":""},"tablet":{"background-color":"var(--ast-global-color-5)","background-image":"","background-repeat":"repeat","background-position":"center center","background-size":"auto","background-attachment":"scroll","background-type":"","background-media":"","overlay-type":"","overlay-color":"","overlay-opacity":"","overlay-gradient":""},"mobile":{"background-color":"var(--ast-global-color-5)","background-image":"","background-repeat":"repeat","background-position":"center center","background-size":"auto","background-attachment":"scroll","background-type":"","background-media":"","overlay-type":"","overlay-color":"","overlay-opacity":"","overlay-gradient":""}}},"product_brand":[],"product_cat":[99,91],"product_tag":[343,422,419,146,148,147,144],"class_list":{"0":"post-1331","1":"product","2":"type-product","3":"status-publish","4":"has-post-thumbnail","6":"product_cat-kristall","7":"product_cat-orrefors","8":"product_tag-champagne","9":"product_tag-coupe","10":"product_tag-erika-lagerbielke","11":"product_tag-glas","12":"product_tag-klar","13":"product_tag-kristall","14":"product_tag-orrefors","15":"desktop-align-left","16":"tablet-align-left","17":"mobile-align-left","19":"first","20":"instock","21":"taxable","22":"shipping-taxable","23":"purchasable","24":"product-type-simple"},"jetpack_sharing_enabled":true,"_links":{"self":[{"href":"https:\/\/www.glittrigating.se\/index.php\/wp-json\/wp\/v2\/product\/1331","targetHints":{"allow":["GET"]}}],"collection":[{"href":"https:\/\/www.glittrigating.se\/index.php\/wp-json\/wp\/v2\/product"}],"about":[{"href":"https:\/\/www.glittrigating.se\/index.php\/wp-json\/wp\/v2\/types\/product"}],"wp:featuredmedia":[{"embeddable":true,"href":"https:\/\/www.glittrigating.se\/index.php\/wp-json\/wp\/v2\/media\/5612"}],"wp:attachment":[{"href":"https:\/\/www.glittrigating.se\/index.php\/wp-json\/wp\/v2\/media?parent=1331"}],"wp:term":[{"taxonomy":"product_brand","embeddable":true,"href":"https:\/\/www.glittrigating.se\/index.php\/wp-json\/wp\/v2\/product_brand?post=1331"},{"taxonomy":"product_cat","embeddable":true,"href":"https:\/\/www.glittrigating.se\/index.php\/wp-json\/wp\/v2\/product_cat?post=1331"},{"taxonomy":"product_tag","embeddable":true,"href":"https:\/\/www.glittrigating.se\/index.php\/wp-json\/wp\/v2\/product_tag?post=1331"}],"curies":[{"name":"wp","href":"https:\/\/api.w.org\/{rel}","templated":true}]}}