{"id":2081,"date":"2021-02-15T14:14:28","date_gmt":"2021-02-15T14:14:28","guid":{"rendered":"https:\/\/www.glittrigating.se\/index.php\/product\/orrefors-carat-ljusstake-2-pack-200\/"},"modified":"2025-08-25T09:08:59","modified_gmt":"2025-08-25T09:08:59","slug":"orrefors-carat-ljusstake-2-pack-200","status":"publish","type":"product","link":"https:\/\/www.glittrigating.se\/index.php\/product\/orrefors-carat-ljusstake-2-pack-200\/","title":{"rendered":"Ashleigh &#038; Burwood Doftstickor"},"content":{"rendered":"<h3 class=\"MsoNormal\">Ashleigh &amp; Burwood Linen Doftstickor<\/h3>\n<p class=\"MsoNormal\">Doftstickor \u00e4r kanske det mest popul\u00e4ra s\u00e4ttet att idag dofts\u00e4tta sitt hem. 150 ml Dofttid upp till 3 m\u00e5n.<\/p>\n<p class=\"MsoNormal\">Doftstickor, reeds, doftpinnar- k\u00e4rt barn har m\u00e5nga namn. Doftstickor \u00e4r en smidig produkt n\u00e4r du vill ha l\u00e5ngvarig doft utan att beh\u00f6va t\u00e4nda ljus. De passar perfekt n\u00e4r man vill m\u00f6tas av sin favoritdoft i hallen n\u00e4r man kommer hem eller p\u00e5 st\u00e4llen d\u00e4r man inte har lika l\u00e4tt har uppsikt \u00f6ver t\u00e4nda ljus, till exempel i sovrummet eller p\u00e5 g\u00e4sttoaletten. Doftstickorna \u00e4r ocks\u00e5 en fin inredningsdetalj och vi har m\u00e5nga varianter att v\u00e4lja mellan f\u00f6r att passa just din stil. Doftpinnar \u00e4r enkla att anv\u00e4nda, \u00f6ppna flaskan och s\u00e4tt ner pinnarna i doftoljan. Du kan enkelt justera styrkan p\u00e5 doften genom att anv\u00e4nda fler eller f\u00e4rre pinnar.<\/p>\n<p class=\"MsoNormal\">Finns i 8 olika dofter:<\/p>\n<p class=\"MsoNormal\">Jasmine &amp; Tuberose<br \/>\nEn sval doft av jasmin och tuberose som harmoniserar med apelsinblom, nejlika och ylang-ylang. En mustig doft av mysk ger ytterligare v\u00e4rme och styrka.<\/p>\n<p class=\"MsoNormal\">Moroccan Spice<br \/>\nSp\u00e4nnande arom av en het marockansk marknad kombinerad med en rik blandning av varm honung, apelsin och muskot. Basnoter av sandeltr\u00e4, agartr\u00e4d och k\u00e5da ger en jordn\u00e4ra k\u00e4nsla.<\/p>\n<p class=\"MsoNormal\">Fresh Linen<br \/>\nL\u00e4tt och luftigt och underbart rent. Denna underbara friska, rena och upplyftande doft ger doften av nytv\u00e4ttade lakan som svajar i vinden med inslag av doft av aloe, tropisk tempelblomma, lavender och citrus.<\/p>\n<p class=\"MsoNormal\">Freesia &amp; Orhid<br \/>\nEn fl\u00e4kt av sprakande friska freesia blommor och exotisk orkid\u00e9 med ett fruktigt inslag av apelsin och grapefruit som avslutas med en lugn bas av sofistikerad mysk.<\/p>\n<p class=\"MsoNormal\">Enchanted Forest<br \/>\nF\u00e5ngad av f\u00f6rtrollningen p\u00e5 en avskild plats i skogen. Top noter av lavendel och eucalyptus l\u00f6v som sm\u00e4lter till ett hj\u00e4rta av vetiver, iris och kryddor som upplyfts av tonka bean, amber och mossa.<\/p>\n<p class=\"MsoNormal\">Peony<br \/>\nEn underbar bukett med pioner, med ett litet inslag av krispigt r\u00f6tt \u00e4pple, mjuk mysk och blommande jasmin, nejlika och sammetslen ros.<\/p>\n<p class=\"MsoNormal\">Lavender &amp; Bergamot<br \/>\nEn enkel klassiker som ger luften en rustik avslappning f\u00f6r hemmet. Len lavender och svala citrusnoter av bergamot med inslag av kr\u00e4mig mysk och amber.<\/p>\n<p>Oriental Spice<br \/>\nVarm och f\u00f6rf\u00f6rande och full med orientalisk intrig. L\u00e4cker med kryddig doft av stj\u00e4rnanis, kysst av varma noter av muskot och kanel. Inslag av kryddnejlika och vit ingef\u00e4ra balanserar v\u00e4l.<\/p>\n<div class=\"value\"><!-- [if gte mso 9]><xml>  <o:OfficeDocumentSettings>   <o:AllowPNG\/>  <\/o:OfficeDocumentSettings> <\/xml><![endif]--><\/div>\n","protected":false},"excerpt":{"rendered":"<h3 class=\"MsoNormal\">Ashleigh &amp; Burwood Linen Doftstickor<\/h3>\n<p class=\"MsoNormal\">Doftstickor \u00e4r kanske det mest popul\u00e4ra s\u00e4ttet att idag dofts\u00e4tta sitt hem. 150 ml Dofttid upp till 3 m\u00e5n.<\/p>\n<p class=\"MsoNormal\">Doftstickor, reeds, doftpinnar- k\u00e4rt barn har m\u00e5nga namn. Doftstickor \u00e4r en smidig produkt n\u00e4r du vill ha l\u00e5ngvarig doft utan att beh\u00f6va t\u00e4nda ljus. De passar perfekt n\u00e4r man vill m\u00f6tas av sin favoritdoft i hallen n\u00e4r man kommer hem eller p\u00e5 st\u00e4llen d\u00e4r man inte har lika l\u00e4tt har uppsikt \u00f6ver t\u00e4nda ljus, till exempel i sovrummet eller p\u00e5 g\u00e4sttoaletten. Doftstickorna \u00e4r ocks\u00e5 en fin inredningsdetalj och vi har m\u00e5nga varianter att v\u00e4lja mellan f\u00f6r att passa just din stil. Doftpinnar \u00e4r enkla att anv\u00e4nda, \u00f6ppna flaskan och s\u00e4tt ner pinnarna i doftoljan. Du kan enkelt justera styrkan p\u00e5 doften genom att anv\u00e4nda fler eller f\u00e4rre pinnar.<\/p>\n","protected":false},"featured_media":2073,"template":"","meta":{"site-sidebar-layout":"default","site-content-layout":"default","ast-site-content-layout":"default","site-content-style":"default","site-sidebar-style":"default","ast-global-header-display":"","ast-banner-title-visibility":"","ast-main-header-display":"","ast-hfb-above-header-display":"","ast-hfb-below-header-display":"","ast-hfb-mobile-header-display":"","site-post-title":"","ast-breadcrumbs-content":"","ast-featured-img":"","footer-sml-layout":"","theme-transparent-header-meta":"default","adv-header-id-meta":"","stick-header-meta":"","header-above-stick-meta":"","header-main-stick-meta":"","header-below-stick-meta":"","astra-migrate-meta-layouts":"default","ast-page-background-enabled":"default","ast-page-background-meta":{"desktop":{"background-color":"var(--ast-global-color-4)","background-image":"","background-repeat":"repeat","background-position":"center center","background-size":"auto","background-attachment":"scroll","background-type":"","background-media":"","overlay-type":"","overlay-color":"","overlay-opacity":"","overlay-gradient":""},"tablet":{"background-color":"","background-image":"","background-repeat":"repeat","background-position":"center center","background-size":"auto","background-attachment":"scroll","background-type":"","background-media":"","overlay-type":"","overlay-color":"","overlay-opacity":"","overlay-gradient":""},"mobile":{"background-color":"","background-image":"","background-repeat":"repeat","background-position":"center center","background-size":"auto","background-attachment":"scroll","background-type":"","background-media":"","overlay-type":"","overlay-color":"","overlay-opacity":"","overlay-gradient":""}},"ast-content-background-meta":{"desktop":{"background-color":"var(--ast-global-color-5)","background-image":"","background-repeat":"repeat","background-position":"center center","background-size":"auto","background-attachment":"scroll","background-type":"","background-media":"","overlay-type":"","overlay-color":"","overlay-opacity":"","overlay-gradient":""},"tablet":{"background-color":"var(--ast-global-color-5)","background-image":"","background-repeat":"repeat","background-position":"center center","background-size":"auto","background-attachment":"scroll","background-type":"","background-media":"","overlay-type":"","overlay-color":"","overlay-opacity":"","overlay-gradient":""},"mobile":{"background-color":"var(--ast-global-color-5)","background-image":"","background-repeat":"repeat","background-position":"center center","background-size":"auto","background-attachment":"scroll","background-type":"","background-media":"","overlay-type":"","overlay-color":"","overlay-opacity":"","overlay-gradient":""}}},"product_brand":[],"product_cat":[133,57,122],"product_tag":[1304,1308,945],"class_list":{"0":"post-2081","1":"product","2":"type-product","3":"status-publish","4":"has-post-thumbnail","6":"product_cat-ashleigh-burwood","7":"product_cat-dofter","8":"product_cat-doftstickor","9":"product_tag-ashleigh-burwood","10":"product_tag-doftpinnar","11":"product_tag-doftstickor","12":"desktop-align-left","13":"tablet-align-left","14":"mobile-align-left","16":"first","17":"instock","18":"taxable","19":"shipping-taxable","20":"purchasable","21":"product-type-simple"},"jetpack_sharing_enabled":true,"_links":{"self":[{"href":"https:\/\/www.glittrigating.se\/index.php\/wp-json\/wp\/v2\/product\/2081","targetHints":{"allow":["GET"]}}],"collection":[{"href":"https:\/\/www.glittrigating.se\/index.php\/wp-json\/wp\/v2\/product"}],"about":[{"href":"https:\/\/www.glittrigating.se\/index.php\/wp-json\/wp\/v2\/types\/product"}],"wp:featuredmedia":[{"embeddable":true,"href":"https:\/\/www.glittrigating.se\/index.php\/wp-json\/wp\/v2\/media\/2073"}],"wp:attachment":[{"href":"https:\/\/www.glittrigating.se\/index.php\/wp-json\/wp\/v2\/media?parent=2081"}],"wp:term":[{"taxonomy":"product_brand","embeddable":true,"href":"https:\/\/www.glittrigating.se\/index.php\/wp-json\/wp\/v2\/product_brand?post=2081"},{"taxonomy":"product_cat","embeddable":true,"href":"https:\/\/www.glittrigating.se\/index.php\/wp-json\/wp\/v2\/product_cat?post=2081"},{"taxonomy":"product_tag","embeddable":true,"href":"https:\/\/www.glittrigating.se\/index.php\/wp-json\/wp\/v2\/product_tag?post=2081"}],"curies":[{"name":"wp","href":"https:\/\/api.w.org\/{rel}","templated":true}]}}