{"id":271,"date":"2019-07-10T15:21:14","date_gmt":"2019-07-10T15:21:14","guid":{"rendered":"https:\/\/www.glittrigating.se\/index.php\/product\/bukowski-sweet-graham-4\/"},"modified":"2025-12-09T13:49:47","modified_gmt":"2025-12-09T13:49:47","slug":"bukowski-sweet-graham-4","status":"publish","type":"product","link":"https:\/\/www.glittrigating.se\/index.php\/product\/bukowski-sweet-graham-4\/","title":{"rendered":"Bukowski Antonio &#038; Leoni"},"content":{"rendered":"","protected":false},"excerpt":{"rendered":"<h4>Antonio &amp; Leoni<\/h4>\n<p>Antonio &amp; Leoni \u00e4r tv\u00e5 riktigt bra f\u00f6rsta nallar fr\u00e5n Bukowski Design. Med texten &#8221;MIN F\u00d6RSTA BJ\u00d6RN&#8221; p\u00e5 foten \u00e4r nallarna bland annat perfekta dop presenter eller baby shower g\u00e5vor. Nallarna \u00e4r sydd i supermjukt, l\u00e5ngh\u00e5rigt plysch och har en ljus rosa\/ljus bl\u00e5 rosett runt nacken.<br \/>\nH\u00f6jd: 30 cm<\/p>\n<p><strong>Bukowski Design<\/strong><\/p>\n<p>Det som k\u00e4nnetecknar en nalle fr\u00e5n Bukowski Design \u00e4r att den \u00e4r handsydd, att den \u00e4r helt barns\u00e4ker och f\u00f6ljer alla europeiska s\u00e4kerhetsstandarder och att den har en Bukowski Design tygetikett insydd p\u00e5 ena foten.<\/p>\n","protected":false},"featured_media":5885,"template":"","meta":{"site-sidebar-layout":"default","site-content-layout":"default","ast-site-content-layout":"default","site-content-style":"default","site-sidebar-style":"default","ast-global-header-display":"","ast-banner-title-visibility":"","ast-main-header-display":"","ast-hfb-above-header-display":"","ast-hfb-below-header-display":"","ast-hfb-mobile-header-display":"","site-post-title":"","ast-breadcrumbs-content":"","ast-featured-img":"","footer-sml-layout":"","theme-transparent-header-meta":"default","adv-header-id-meta":"","stick-header-meta":"","header-above-stick-meta":"","header-main-stick-meta":"","header-below-stick-meta":"","astra-migrate-meta-layouts":"set","ast-page-background-enabled":"default","ast-page-background-meta":{"desktop":{"background-color":"var(--ast-global-color-4)","background-image":"","background-repeat":"repeat","background-position":"center center","background-size":"auto","background-attachment":"scroll","background-type":"","background-media":"","overlay-type":"","overlay-color":"","overlay-opacity":"","overlay-gradient":""},"tablet":{"background-color":"","background-image":"","background-repeat":"repeat","background-position":"center center","background-size":"auto","background-attachment":"scroll","background-type":"","background-media":"","overlay-type":"","overlay-color":"","overlay-opacity":"","overlay-gradient":""},"mobile":{"background-color":"","background-image":"","background-repeat":"repeat","background-position":"center center","background-size":"auto","background-attachment":"scroll","background-type":"","background-media":"","overlay-type":"","overlay-color":"","overlay-opacity":"","overlay-gradient":""}},"ast-content-background-meta":{"desktop":{"background-color":"var(--ast-global-color-5)","background-image":"","background-repeat":"repeat","background-position":"center center","background-size":"auto","background-attachment":"scroll","background-type":"","background-media":"","overlay-type":"","overlay-color":"","overlay-opacity":"","overlay-gradient":""},"tablet":{"background-color":"var(--ast-global-color-5)","background-image":"","background-repeat":"repeat","background-position":"center center","background-size":"auto","background-attachment":"scroll","background-type":"","background-media":"","overlay-type":"","overlay-color":"","overlay-opacity":"","overlay-gradient":""},"mobile":{"background-color":"var(--ast-global-color-5)","background-image":"","background-repeat":"repeat","background-position":"center center","background-size":"auto","background-attachment":"scroll","background-type":"","background-media":"","overlay-type":"","overlay-color":"","overlay-opacity":"","overlay-gradient":""}}},"product_brand":[],"product_cat":[121,53],"product_tag":[266,254,260,255,267,268,264,262,256,257,259,265],"class_list":{"0":"post-271","1":"product","2":"type-product","3":"status-publish","4":"has-post-thumbnail","6":"product_cat-bukowski","7":"product_cat-gosedjur","8":"product_tag-antonio","9":"product_tag-bukowski","10":"product_tag-bukowski-design","11":"product_tag-gosedjur","12":"product_tag-leoni","13":"product_tag-min-forsta-bjorn","14":"product_tag-min-forsta-teddy","15":"product_tag-my-first-teddy","16":"product_tag-nallar","17":"product_tag-nalle","18":"product_tag-nallebjorn","19":"product_tag-plysch","20":"desktop-align-left","21":"tablet-align-left","22":"mobile-align-left","24":"first","25":"outofstock","26":"taxable","27":"shipping-taxable","28":"purchasable","29":"product-type-simple"},"jetpack_sharing_enabled":true,"_links":{"self":[{"href":"https:\/\/www.glittrigating.se\/index.php\/wp-json\/wp\/v2\/product\/271","targetHints":{"allow":["GET"]}}],"collection":[{"href":"https:\/\/www.glittrigating.se\/index.php\/wp-json\/wp\/v2\/product"}],"about":[{"href":"https:\/\/www.glittrigating.se\/index.php\/wp-json\/wp\/v2\/types\/product"}],"wp:featuredmedia":[{"embeddable":true,"href":"https:\/\/www.glittrigating.se\/index.php\/wp-json\/wp\/v2\/media\/5885"}],"wp:attachment":[{"href":"https:\/\/www.glittrigating.se\/index.php\/wp-json\/wp\/v2\/media?parent=271"}],"wp:term":[{"taxonomy":"product_brand","embeddable":true,"href":"https:\/\/www.glittrigating.se\/index.php\/wp-json\/wp\/v2\/product_brand?post=271"},{"taxonomy":"product_cat","embeddable":true,"href":"https:\/\/www.glittrigating.se\/index.php\/wp-json\/wp\/v2\/product_cat?post=271"},{"taxonomy":"product_tag","embeddable":true,"href":"https:\/\/www.glittrigating.se\/index.php\/wp-json\/wp\/v2\/product_tag?post=271"}],"curies":[{"name":"wp","href":"https:\/\/api.w.org\/{rel}","templated":true}]}}