{"id":4193,"date":"2025-06-11T08:53:20","date_gmt":"2025-06-11T08:53:20","guid":{"rendered":"https:\/\/www.glittrigating.se\/?post_type=product&#038;p=4193"},"modified":"2026-05-04T12:20:19","modified_gmt":"2026-05-04T12:20:19","slug":"jabadabado-koksset","status":"publish","type":"product","link":"https:\/\/www.glittrigating.se\/index.php\/product\/jabadabado-koksset\/","title":{"rendered":"Jabadabado K\u00f6ksset"},"content":{"rendered":"","protected":false},"excerpt":{"rendered":"<p>Jabadabado \u00e4r ett svenskt designf\u00f6retag som skapar och s\u00e4ljer tr\u00e4leksaker, babyartiklar och inredning f\u00f6r barnrum.<\/p>\n<p>Det perfekta presentvalet f\u00f6r alla unga kockar! Jabadabados k\u00f6ksset inneh\u00e5ller allt som beh\u00f6vs f\u00f6r alla sm\u00e5 matlagningsentusiaster. I k\u00f6kssetet ing\u00e5r en m\u00e4ngd olika k\u00f6ksredskap som passar perfekt f\u00f6r fantasifull matlagning. Setet inkluderar en stekpanna, grytor, en grytvante och ett brett utbud av k\u00f6ksredskap. Allt detta kommer i en praktisk pappv\u00e4ska som g\u00f6r det enkelt att h\u00e5lla ordning p\u00e5 alla redskap och grytor. V\u00e4skan \u00e4r utrustad med ett smidigt sp\u00e4nne som enkelt kan \u00f6ppnas och st\u00e4ngas. P\u00e5 baksidan av v\u00e4skan finns tv\u00e5 tryckta spisplattor som l\u00e5ter dig ta med dig v\u00e4skan och l\u00e5tsas laga mat p\u00e5 spisen tillsammans med grytorna och redskapen. F\u00f6r att g\u00f6ra leken \u00e4nnu mer rolig och kreativ, komplettera g\u00e4rna med andra leksaksmatprodukter fr\u00e5n Jabadabado. Det h\u00e4r setet\u00a0 inkluderar f\u00f6ljande: 1 x v\u00e4ska, 1 x grytvante, 1 x pastaslev, 1 x ballongvisp, 1 x stekspade, 1 x h\u00e5lslev, 1 x soppslev, 1 x stor gryta med lock, 1 x liten gryta med lock, 1 x stekj\u00e4rn, 1 x durkslag.<\/p>\n<p>\u00c5lder: 3+ \u00e5r, inneh\u00e5ller sm\u00e5delar.<br \/>\nMaterial: Tenn, rostfritt st\u00e5l, kartong<br \/>\nM\u00e5tt: 29 x 9 x 20 cm<br \/>\nS\u00e4kerhet: Testad och godk\u00e4nd enligt europeisk standard.<\/p>\n","protected":false},"featured_media":5023,"template":"","meta":{"site-sidebar-layout":"default","site-content-layout":"default","ast-site-content-layout":"default","site-content-style":"default","site-sidebar-style":"default","ast-global-header-display":"","ast-banner-title-visibility":"","ast-main-header-display":"","ast-hfb-above-header-display":"","ast-hfb-below-header-display":"","ast-hfb-mobile-header-display":"","site-post-title":"","ast-breadcrumbs-content":"","ast-featured-img":"","footer-sml-layout":"","theme-transparent-header-meta":"default","adv-header-id-meta":"","stick-header-meta":"","header-above-stick-meta":"","header-main-stick-meta":"","header-below-stick-meta":"","astra-migrate-meta-layouts":"set","ast-page-background-enabled":"default","ast-page-background-meta":{"desktop":{"background-color":"var(--ast-global-color-4)","background-image":"","background-repeat":"repeat","background-position":"center center","background-size":"auto","background-attachment":"scroll","background-type":"","background-media":"","overlay-type":"","overlay-color":"","overlay-opacity":"","overlay-gradient":""},"tablet":{"background-color":"","background-image":"","background-repeat":"repeat","background-position":"center center","background-size":"auto","background-attachment":"scroll","background-type":"","background-media":"","overlay-type":"","overlay-color":"","overlay-opacity":"","overlay-gradient":""},"mobile":{"background-color":"","background-image":"","background-repeat":"repeat","background-position":"center center","background-size":"auto","background-attachment":"scroll","background-type":"","background-media":"","overlay-type":"","overlay-color":"","overlay-opacity":"","overlay-gradient":""}},"ast-content-background-meta":{"desktop":{"background-color":"var(--ast-global-color-5)","background-image":"","background-repeat":"repeat","background-position":"center center","background-size":"auto","background-attachment":"scroll","background-type":"","background-media":"","overlay-type":"","overlay-color":"","overlay-opacity":"","overlay-gradient":""},"tablet":{"background-color":"var(--ast-global-color-5)","background-image":"","background-repeat":"repeat","background-position":"center center","background-size":"auto","background-attachment":"scroll","background-type":"","background-media":"","overlay-type":"","overlay-color":"","overlay-opacity":"","overlay-gradient":""},"mobile":{"background-color":"var(--ast-global-color-5)","background-image":"","background-repeat":"repeat","background-position":"center center","background-size":"auto","background-attachment":"scroll","background-type":"","background-media":"","overlay-type":"","overlay-color":"","overlay-opacity":"","overlay-gradient":""}}},"product_brand":[],"product_cat":[54],"product_tag":[],"class_list":{"0":"post-4193","1":"product","2":"type-product","3":"status-publish","4":"has-post-thumbnail","6":"product_cat-leksaker","7":"desktop-align-left","8":"tablet-align-left","9":"mobile-align-left","11":"first","12":"instock","13":"taxable","14":"shipping-taxable","15":"purchasable","16":"product-type-simple"},"jetpack_sharing_enabled":true,"_links":{"self":[{"href":"https:\/\/www.glittrigating.se\/index.php\/wp-json\/wp\/v2\/product\/4193","targetHints":{"allow":["GET"]}}],"collection":[{"href":"https:\/\/www.glittrigating.se\/index.php\/wp-json\/wp\/v2\/product"}],"about":[{"href":"https:\/\/www.glittrigating.se\/index.php\/wp-json\/wp\/v2\/types\/product"}],"wp:featuredmedia":[{"embeddable":true,"href":"https:\/\/www.glittrigating.se\/index.php\/wp-json\/wp\/v2\/media\/5023"}],"wp:attachment":[{"href":"https:\/\/www.glittrigating.se\/index.php\/wp-json\/wp\/v2\/media?parent=4193"}],"wp:term":[{"taxonomy":"product_brand","embeddable":true,"href":"https:\/\/www.glittrigating.se\/index.php\/wp-json\/wp\/v2\/product_brand?post=4193"},{"taxonomy":"product_cat","embeddable":true,"href":"https:\/\/www.glittrigating.se\/index.php\/wp-json\/wp\/v2\/product_cat?post=4193"},{"taxonomy":"product_tag","embeddable":true,"href":"https:\/\/www.glittrigating.se\/index.php\/wp-json\/wp\/v2\/product_tag?post=4193"}],"curies":[{"name":"wp","href":"https:\/\/api.w.org\/{rel}","templated":true}]}}