{"id":995,"date":"2019-09-30T16:20:07","date_gmt":"2019-09-30T16:20:07","guid":{"rendered":"https:\/\/www.glittrigating.se\/index.php\/product\/lord-nelson-baeddset-sandhamn-7\/"},"modified":"2026-01-26T13:29:59","modified_gmt":"2026-01-26T13:29:59","slug":"lord-nelson-baeddset-sandhamn-7","status":"publish","type":"product","link":"https:\/\/www.glittrigating.se\/index.php\/product\/lord-nelson-baeddset-sandhamn-7\/","title":{"rendered":"Snygg paljettv\u00e4ska\/ aftonv\u00e4ska med silver knopp"},"content":{"rendered":"<h3><strong>Paljettv\u00e4ska\/ pl\u00e5nbok<br \/>\n<\/strong><\/h3>\n<p>Svart paljettv\u00e4ska med avtagbar silvrig rem\/kedja.<br \/>\nG\u00e5r att anv\u00e4nda som pl\u00e5nbok.<\/p>\n<p>H\u00f6jd:9 cm<br \/>\nBredd:15 cm<br \/>\nDjup:6 cm<\/p>\n","protected":false},"excerpt":{"rendered":"<h3><strong>Paljettv\u00e4ska\/ pl\u00e5nbok<br \/>\n<\/strong><\/h3>\n<p>Svart paljettv\u00e4ska med avtagbar silvrig rem\/kedja.<br \/>\nG\u00e5r att anv\u00e4nda som pl\u00e5nbok.<\/p>\n<p>H\u00f6jd:9 cm<br \/>\nBredd:15 cm<br \/>\nDjup:6 cm<\/p>\n","protected":false},"featured_media":992,"template":"","meta":{"site-sidebar-layout":"default","site-content-layout":"default","ast-site-content-layout":"default","site-content-style":"default","site-sidebar-style":"default","ast-global-header-display":"","ast-banner-title-visibility":"","ast-main-header-display":"","ast-hfb-above-header-display":"","ast-hfb-below-header-display":"","ast-hfb-mobile-header-display":"","site-post-title":"","ast-breadcrumbs-content":"","ast-featured-img":"","footer-sml-layout":"","theme-transparent-header-meta":"default","adv-header-id-meta":"","stick-header-meta":"","header-above-stick-meta":"","header-main-stick-meta":"","header-below-stick-meta":"","astra-migrate-meta-layouts":"default","ast-page-background-enabled":"default","ast-page-background-meta":{"desktop":{"background-color":"var(--ast-global-color-4)","background-image":"","background-repeat":"repeat","background-position":"center center","background-size":"auto","background-attachment":"scroll","background-type":"","background-media":"","overlay-type":"","overlay-color":"","overlay-opacity":"","overlay-gradient":""},"tablet":{"background-color":"","background-image":"","background-repeat":"repeat","background-position":"center center","background-size":"auto","background-attachment":"scroll","background-type":"","background-media":"","overlay-type":"","overlay-color":"","overlay-opacity":"","overlay-gradient":""},"mobile":{"background-color":"","background-image":"","background-repeat":"repeat","background-position":"center center","background-size":"auto","background-attachment":"scroll","background-type":"","background-media":"","overlay-type":"","overlay-color":"","overlay-opacity":"","overlay-gradient":""}},"ast-content-background-meta":{"desktop":{"background-color":"var(--ast-global-color-5)","background-image":"","background-repeat":"repeat","background-position":"center center","background-size":"auto","background-attachment":"scroll","background-type":"","background-media":"","overlay-type":"","overlay-color":"","overlay-opacity":"","overlay-gradient":""},"tablet":{"background-color":"var(--ast-global-color-5)","background-image":"","background-repeat":"repeat","background-position":"center center","background-size":"auto","background-attachment":"scroll","background-type":"","background-media":"","overlay-type":"","overlay-color":"","overlay-opacity":"","overlay-gradient":""},"mobile":{"background-color":"var(--ast-global-color-5)","background-image":"","background-repeat":"repeat","background-position":"center center","background-size":"auto","background-attachment":"scroll","background-type":"","background-media":"","overlay-type":"","overlay-color":"","overlay-opacity":"","overlay-gradient":""}}},"product_brand":[],"product_cat":[81],"product_tag":[627,629,626,628,630,631,237],"class_list":{"0":"post-995","1":"product","2":"type-product","3":"status-publish","4":"has-post-thumbnail","6":"product_cat-vaeskor","7":"product_tag-aftonvaska","8":"product_tag-paljetter","9":"product_tag-paljettvaska","10":"product_tag-planbok","11":"product_tag-silvrig-rem","12":"product_tag-silvrigt-axelrem","13":"product_tag-svart","14":"desktop-align-left","15":"tablet-align-left","16":"mobile-align-left","18":"first","19":"outofstock","20":"taxable","21":"shipping-taxable","22":"purchasable","23":"product-type-simple"},"jetpack_sharing_enabled":true,"_links":{"self":[{"href":"https:\/\/www.glittrigating.se\/index.php\/wp-json\/wp\/v2\/product\/995","targetHints":{"allow":["GET"]}}],"collection":[{"href":"https:\/\/www.glittrigating.se\/index.php\/wp-json\/wp\/v2\/product"}],"about":[{"href":"https:\/\/www.glittrigating.se\/index.php\/wp-json\/wp\/v2\/types\/product"}],"wp:featuredmedia":[{"embeddable":true,"href":"https:\/\/www.glittrigating.se\/index.php\/wp-json\/wp\/v2\/media\/992"}],"wp:attachment":[{"href":"https:\/\/www.glittrigating.se\/index.php\/wp-json\/wp\/v2\/media?parent=995"}],"wp:term":[{"taxonomy":"product_brand","embeddable":true,"href":"https:\/\/www.glittrigating.se\/index.php\/wp-json\/wp\/v2\/product_brand?post=995"},{"taxonomy":"product_cat","embeddable":true,"href":"https:\/\/www.glittrigating.se\/index.php\/wp-json\/wp\/v2\/product_cat?post=995"},{"taxonomy":"product_tag","embeddable":true,"href":"https:\/\/www.glittrigating.se\/index.php\/wp-json\/wp\/v2\/product_tag?post=995"}],"curies":[{"name":"wp","href":"https:\/\/api.w.org\/{rel}","templated":true}]}}